 - o - 44, 0 = 5*z - 3*o - 51. Let j = 20 - -5. Let m = 9 + j. What is the remainder when m is divided by z?
7
Let u(g) = g - 1. Let x be u(4). Let s = 44 - 23. What is the remainder when (-7)/s + 103/x is divided by 12?
10
Let u = -25 - -35. What is the remainder when u is divided by 4?
2
What is the remainder when (69/(-5))/(-3 - 56/(-20)) is divided by 26?
17
Let i = 20 - 12. Suppose 0 = -a + 2*a - 14. Calculate the remainder when a is divided by i.
6
Let o be (-2)/((-3)/(2 + -8)). Let p = -4 - o. Suppose -i - 2*y = -42, -i + 4*y = -p*i - 12. What is the remainder when i is divided by 11?
10
Suppose 3*u = -0 + 60. Calculate the remainder when u is divided by 25/3 + (-100)/75.
6
Let c = -17 + 30. What is the remainder when c is divided by 8?
5
Let m(v) = v**3 - 6*v**2 + 2*v + 1. Let o be ((-6)/(-9))/(2/3). Let b be 2 + 3 + o/1. What is the remainder when 24 is divided by m(b)?
11
Suppose 2*t - 25 = -5*g + 3*t, -3*g - 3*t = -33. Suppose 0 = g*z - z - 20. What is the remainder when 11 is divided by z?
3
Suppose -o + 312 = 4*n, 4*o = 5*n - 253 - 116. Suppose 0 = -5*t + 3*c - 2*c + 99, 0 = 5*t - 4*c - 96. What is the remainder when n is divided by t?
17
Suppose -3*m - 1 = -s - 0*s, m = s - 1. Suppose m = 2*d + 2*d. Suppose d = y - 7 - 8. What is the remainder when 28 is divided by y?
13
Suppose 0*b + 26 = b. Let f be 2/3*204/8. Let j = f + -8. What is the remainder when b is divided by j?
8
Suppose 2*j - 114 = 4*y, 3*j = -0*j - 4*y + 171. Let f = -38 + j. Calculate the remainder when f is divided by 10.
9
Let r = 28 + -24. What is the remainder when 17 is divided by r?
1
Let d(n) = 3*n**2 - 7*n - 12. What is the remainder when d(-6) is divided by 35?
33
Suppose -2*k - 1 = -k. What is the remainder when (k + 2)*(5 + 27) is divided by 11?
10
Suppose -59 = 89*t - 90*t. Suppose -4*n - 45 = -7*n. Calculate the remainder when t is divided by n.
14
Let n(j) = j**2 + 2*j - 8. What is the remainder when n(7) is divided by 29?
26
Suppose -6*z = 5*g - 4*z - 131, 4*z = 4*g - 116. What is the remainder when g is divided by 15?
12
Suppose 6*f - 63 - 33 = 0. Calculate the remainder when 44 is divided by f.
12
Let l(s) = 16*s - 33. Calculate the remainder when l(9) is divided by 38.
35
Let o = 4 + -5. Let m = 9 + o. What is the remainder when 14 is divided by m?
6
What is the remainder when 20 is divided by (-9)/6 - 125/(-10)?
9
Suppose -5*v + 17 = -33. Let x = v - 5. Calculate the remainder when x is divided by 2.
1
Suppose 0 = 3*p + 21 - 0. What is the remainder when (-2)/((-4 - p)/(-33)) is divided by 8?
6
Let c = 11 + -2. Calculate the remainder when 43 is divided by (-5)/(-4)*(21 - c).
13
Let i = -33 - -166. Calculate the remainder when i is divided by 27.
25
Suppose 3*g + 104 = 7*g. What is the remainder when g is divided by 9?
8
Let t(p) = -p**2 + 4*p + 5. Let w be t(-3). What is the remainder when (108/w)/((-6)/80) is divided by 23?
21
Let k = -9 - -23. Let c = -26 + 28. What is the remainder when (7/k)/(c/20) is divided by 3?
2
Suppose -3*z = 5*v - 142, 3*z + 40 = v + v. Calculate the remainder when v is divided by 7.
5
Suppose -2*b + 70 + 52 = 0. Suppose 2*i = -0*i + 20. What is the remainder when b is divided by (2 - i)/(1/(-2))?
13
Let q = 32 - 12. Suppose -o - o + q = 0. Calculate the remainder when 18 is divided by o.
8
Let j = 86 - 10. Let s(v) = -8*v + 4. Calculate the remainder when s(-4) is divided by (j/(-6))/(4/(-6)).
17
Let m(l) = l**3 + 9*l**2 - 9*l + 25. What is the remainder when 57 is divided by m(-10)?
12
Let t = -8 + 25. What is the remainder when t is divided by 9?
8
Let o be (-4 - -9)*2/5. Suppose o*q + g - 13 = 9, 4*g - 33 = -3*q. Calculate the remainder when q is divided by 4.
3
Let p(a) be the third derivative of a**6/120 - a**5/30 + a**4/12 - 2*a**2. What is the remainder when 10 is divided by p(2)?
2
Let s(i) be the first derivative of 3*i**2 + 4*i + 1. Let l be (-85)/(-20) - (-2)/(-8). Calculate the remainder when s(l) is divided by 15.
13
Let c = 18 - 7. Suppose -43 - 20 = -3*m. Calculate the remainder when m is divided by c.
10
Let h be 2 + 3 + 0 + -3. Suppose -h*k + 5*w = -4*k + 11, -10 = -3*k - w. Calculate the remainder when k is divided by 2.
1
Suppose w - r = 38 - 1, 0 = -4*w + 3*r + 147. What is the remainder when 142 is divided by w?
34
Let w = -15 - -35. What is the remainder when 57 is divided by w?
17
Let u = 85 + -31. Calculate the remainder when u is divided by 11.
10
Suppose -16 = -s + 5*b + 11, 5 = -b. Let d(w) = 100*w + 2. Let c be d(s). What is the remainder when 4/(-16) + c/8 is divided by 7?
4
Let g be (-6)/15 + 202/5. Suppose 4*a + 2*x + 26 = 0, 5*a + 2*x + 2*x = -g. What is the remainder when (a/(-6))/((-2)/(-96)) is divided by 17?
15
Calculate the remainder when 127 is divided by (-2)/9 - (-174)/27*5.
31
Suppose 72 = 5*t + 2*f, -3*f - 19 - 20 = -3*t. Let x = 24 - t. Calculate the remainder when 17 is divided by x.
7
Suppose -4*v - v - 5 = 0. Let r = v + 4. Let k(u) = -u**3 + 5*u**2 - 3*u. What is the remainder when 17 is divided by k(r)?
8
Suppose -2*r + 15 = r. Calculate the remainder when r is divided by 4.
1
Suppose 0 = -u - u + 8. Suppose 11*a = 23*a - 36. What is the remainder when u is divided by a?
1
Let d = -49 + 55. Calculate the remainder when d is divided by 4.
2
Suppose 0 = 5*l - 4*l + 3. Let k = 13 - l. What is the remainder when 31 is divided by k?
15
Suppose -3*i + 2*z = -127, 2*i = i + 4*z + 29. Suppose 3*l = -2*y + 34 + 16, -2*y = -4*l + 62. Calculate the remainder when i is divided by l.
13
Let f(d) = -d**2 - 2*d + 7. Let p be 8/(-2) - 2/2. Let u be f(p). Let x(m) = -m**3 - 8*m**2 - 3*m - 5. Calculate the remainder when 36 is divided by x(u).
17
Suppose 102 + 62 = 2*o. What is the remainder when o is divided by 28?
26
Suppose 458 - 139 = 11*h. What is the remainder when h is divided by 8?
5
What is the remainder when 48 is divided by (16/24)/((-2)/(-39))?
9
Calculate the remainder when 142/(-5)*20/(-8) is divided by 18.
17
Let a = 12 + 0. Calculate the remainder when ((-42)/(-9))/((-4)/(-18)) is divided by a.
9
Suppose -2*m = 3*w - 23, 4*m = 2*w - 4*w + 10. Suppose -5*s - 9 = -d, 0*d + 3*s - w = -d. What is the remainder when d is divided by 5?
4
Suppose 0*f - f - 2*c = -1, 3*f + 4*c = -5. What is the remainder when 24/2 + (-14)/f is divided by 5?
4
Let l = -3 + 8. Suppose -t - 1 = -l. Calculate the remainder when 15 is divided by t.
3
Let q(a) be the second derivative of a**3/6 + 20*a**2 - a. What is the remainder when q(0) is divided by 14?
12
Let t(p) = p**2 + 13*p + 9. Calculate the remainder when 25 is divided by t(-13).
7
Let t(a) = 4*a - 1. Calculate the remainder when 75 is divided by t(7).
21
Let o(f) be the third derivative of -f**4/12 + 11*f**3/6 + f**2. What is the remainder when o(-8) is divided by 14?
13
Suppose -5*u + 5*f = -10, 3*u - 7*u - 10 = 5*f. Suppose u*y - 2*y + 4 = 0. Calculate the remainder when 11 is divided by 5 - ((3 - y) + -2).
5
Let m = -75 - -96. Calculate the remainder when 101 is divided by m.
17
Suppose -2*i - 4*i = -30. Suppose -x - 20 = -2*j + 12, -3*x = -i*j + 79. What is the remainder when 66 is divided by j?
15
Suppose 1 = k - 4. Suppose 20 + 70 = k*a. What is the remainder when 53 is divided by a?
17
Suppose -6 + 3 = 3*r. Let z = -6 + r. Let i = 20 + z. What is the remainder when 37 is divided by i?
11
Let l(o) = -o**2 + 16*o + 1. Let w be l(13). Suppose 5*s - 40 = w. Calculate the remainder when 62 is divided by s.
14
Calculate the remainder when 46 is divided by (-5)/(15/(-12))*2.
6
Let a be (-10)/(-25) - 7/5. Let g = 86 + -42. Let t = a + g. What is the remainder when t is divided by 15?
13
What is the remainder when 67 is divided by ((-119)/2)/(-7)*2?
16
Suppose -7*g = -4*g. Let j = 16 - g. What is the remainder when 77 is divided by j?
13
Suppose 2*k + 1 = 9. Suppose -3*v = -4*i - 35, -3*v = -8*v + 4*i + 45. Calculate the remainder when v is divided by k.
1
Let i(h) = -h**3 + h**2 + 2*h + 2. Suppose 2 = 2*m, 4*m - 11 + 137 = 5*a. Calculate the remainder when a is divided by i(-2).
6
Suppose -o - 5*x + 105 = 18, -20 = -5*x. Calculate the remainder when o is divided by 34.
33
Suppose 4*x - 18 = 42. Calculate the remainder when 59 is divided by x.
14
Suppose 2*c + 13 = v, 3*v + 8 + 2 = -c. Let h(m) = m**3 + 9*m**2 + 9*m - 1. Let u(f) = 6*f.